{"id":2253,"date":"2022-06-08T07:00:22","date_gmt":"2022-06-08T07:00:22","guid":{"rendered":"https:\/\/www.missionsvalencia.eu\/cpivalencia\/?page_id=2253"},"modified":"2022-07-12T11:50:37","modified_gmt":"2022-07-12T11:50:37","slug":"reto-6-resiliencia-y-adaptacion","status":"publish","type":"page","link":"https:\/\/www.missionsvalencia.eu\/cpivalencia\/reto-6-resiliencia-y-adaptacion\/","title":{"rendered":"Reto 6: Resiliencia y adaptaci\u00f3n"},"content":{"rendered":"<p>[et_pb_section fb_built=\u00bb1&#8243; _builder_version=\u00bb4.16&#8243; _module_preset=\u00bbdefault\u00bb custom_padding=\u00bb32px||19px||false|false\u00bb global_colors_info=\u00bb{}\u00bb][et_pb_row _builder_version=\u00bb4.16&#8243; _module_preset=\u00bbdefault\u00bb custom_padding=\u00bb||6px|||\u00bb global_colors_info=\u00bb{}\u00bb][et_pb_column type=\u00bb4_4&#8243; _builder_version=\u00bb4.16&#8243; _module_preset=\u00bbdefault\u00bb global_colors_info=\u00bb{}\u00bb][et_pb_text _builder_version=\u00bb4.16&#8243; _module_preset=\u00bbdefault\u00bb header_font_size=\u00bb38px\u00bb global_colors_info=\u00bb{}\u00bb]<\/p>\n<h1>Reto 6: Resiliencia y adaptaci\u00f3n<\/h1>\n<p>[\/et_pb_text][\/et_pb_column][\/et_pb_row][\/et_pb_section][et_pb_section fb_built=\u00bb1&#8243; specialty=\u00bbon\u00bb _builder_version=\u00bb4.16&#8243; _module_preset=\u00bbdefault\u00bb custom_padding=\u00bb7px||7px||true|\u00bb global_colors_info=\u00bb{}\u00bb][et_pb_column type=\u00bb1_2&#8243; specialty_columns=\u00bb2&#8243; _builder_version=\u00bb4.16&#8243; custom_padding=\u00bb|||\u00bb global_colors_info=\u00bb{}\u00bb custom_padding__hover=\u00bb|||\u00bb][et_pb_row_inner _builder_version=\u00bb4.16&#8243; _module_preset=\u00bbdefault\u00bb global_colors_info=\u00bb{}\u00bb][et_pb_column_inner saved_specialty_column_type=\u00bb1_2&#8243; _builder_version=\u00bb4.5.7&#8243; _module_preset=\u00bbdefault\u00bb global_colors_info=\u00bb{}\u00bb][et_pb_text _builder_version=\u00bb4.16&#8243; _module_preset=\u00bbdefault\u00bb text_font=\u00bb|600|||||||\u00bb text_font_size=\u00bb21px\u00bb text_line_height=\u00bb1.3em\u00bb text_orientation=\u00bbjustified\u00bb text_font_size_tablet=\u00bb\u00bb text_font_size_phone=\u00bb\u00bb text_font_size_last_edited=\u00bbon|desktop\u00bb global_colors_info=\u00bb{}\u00bb]<\/p>\n<p><span>Adaptaci\u00f3n de la ciudad para hacer frente de forma efectiva a los efectos adversos que puedan derivarse del cambio clim\u00e1tico y a optimizar su capacidad de resiliencia clim\u00e1tica.<\/span><\/p>\n<p>[\/et_pb_text][\/et_pb_column_inner][\/et_pb_row_inner][et_pb_row_inner _builder_version=\u00bb4.17.4&#8243; _module_preset=\u00bbdefault\u00bb custom_padding=\u00bb0px|||||\u00bb global_colors_info=\u00bb{}\u00bb][et_pb_column_inner saved_specialty_column_type=\u00bb1_2&#8243; _builder_version=\u00bb4.17.4&#8243; _module_preset=\u00bbdefault\u00bb global_colors_info=\u00bb{}\u00bb][et_pb_button button_url=\u00bbhttps:\/\/www.missionsvalencia.eu\/cpivalencia\/wp-content\/uploads\/2022\/06\/CPM_VLC_RETO-6.pdf\u00bb url_new_window=\u00bbon\u00bb button_text=\u00bbPresentaci\u00f3n del reto\u00bb button_alignment=\u00bbcenter\u00bb _builder_version=\u00bb4.17.4&#8243; _module_preset=\u00bbdefault\u00bb custom_margin=\u00bb||-10px|||\u00bb custom_padding=\u00bb16px|164px|16px|164px|true|true\u00bb custom_padding_tablet=\u00bb16px|164px|16px|164px|true|true\u00bb custom_padding_phone=\u00bb16px|164px|16px|164px|true|true\u00bb custom_padding_last_edited=\u00bbon|desktop\u00bb global_colors_info=\u00bb{}\u00bb][\/et_pb_button][\/et_pb_column_inner][\/et_pb_row_inner][et_pb_row_inner column_structure=\u00bb1_2,1_2&#8243; _builder_version=\u00bb4.16&#8243; _module_preset=\u00bbdefault\u00bb custom_padding=\u00bb0px|||||\u00bb global_colors_info=\u00bb{}\u00bb][et_pb_column_inner type=\u00bb1_2&#8243; saved_specialty_column_type=\u00bb1_2&#8243; _builder_version=\u00bb4.5.7&#8243; _module_preset=\u00bbdefault\u00bb global_colors_info=\u00bb{}\u00bb][et_pb_button button_url=\u00bbhttps:\/\/www.missionsvalencia.eu\/cpivalencia\/wp-content\/uploads\/2022\/05\/ANEXO-I.-RETOS-CPM-06-RES.-Y-ADAPT..pdf\u00bb url_new_window=\u00bbon\u00bb button_text=\u00bbDescripci\u00f3n del reto\u00bb button_alignment=\u00bbcenter\u00bb button_alignment_tablet=\u00bb\u00bb button_alignment_phone=\u00bb\u00bb button_alignment_last_edited=\u00bbon|desktop\u00bb _builder_version=\u00bb4.16&#8243; _module_preset=\u00bbdefault\u00bb custom_padding=\u00bb|60px||60px|false|true\u00bb custom_padding_tablet=\u00bb\u00bb custom_padding_phone=\u00bb\u00bb custom_padding_last_edited=\u00bbon|desktop\u00bb global_colors_info=\u00bb{}\u00bb][\/et_pb_button][\/et_pb_column_inner][et_pb_column_inner type=\u00bb1_2&#8243; saved_specialty_column_type=\u00bb1_2&#8243; _builder_version=\u00bb4.5.7&#8243; _module_preset=\u00bbdefault\u00bb global_colors_info=\u00bb{}\u00bb][et_pb_button button_url=\u00bbhttps:\/\/www.missionsvalencia.eu\/cpivalencia\/wp-content\/uploads\/2022\/06\/RETO-6-BASES-DE-LA-CONVOCATORIA-DE-CPM-RES.-Y-ADAPT_.pdf\u00bb url_new_window=\u00bbon\u00bb button_text=\u00bbBases de la convocatoria\u00bb button_alignment=\u00bbcenter\u00bb button_text_tablet=\u00bb\u00bb button_text_phone=\u00bb\u00bb button_text_last_edited=\u00bbon|desktop\u00bb button_alignment_tablet=\u00bb\u00bb button_alignment_phone=\u00bb\u00bb button_alignment_last_edited=\u00bbon|desktop\u00bb _builder_version=\u00bb4.17.4&#8243; _module_preset=\u00bbdefault\u00bb custom_margin=\u00bb|||-25px||\u00bb custom_padding=\u00bb|17px||17px|false|true\u00bb custom_padding_tablet=\u00bb\u00bb custom_padding_phone=\u00bb\u00bb custom_padding_last_edited=\u00bbon|desktop\u00bb global_colors_info=\u00bb{}\u00bb][\/et_pb_button][\/et_pb_column_inner][\/et_pb_row_inner][et_pb_row_inner _builder_version=\u00bb4.17.4&#8243; _module_preset=\u00bbdefault\u00bb custom_margin=\u00bb-10px|||||\u00bb custom_padding=\u00bb3px|||||\u00bb global_colors_info=\u00bb{}\u00bb][et_pb_column_inner saved_specialty_column_type=\u00bb1_2&#8243; _builder_version=\u00bb4.17.4&#8243; _module_preset=\u00bbdefault\u00bb global_colors_info=\u00bb{}\u00bb][et_pb_button button_url=\u00bbhttps:\/\/www.missionsvalencia.eu\/cpivalencia\/consulta-preliminar-del-mercado-de-ideas-de-soluciones-innovadoras\/?reto=Reto%206%20RESILIENCIA%20Y%20ADAPTACION\u00bb url_new_window=\u00bbon\u00bb button_text=\u00bbProp\u00f3n una idea de soluci\u00f3n\u00bb button_alignment=\u00bbcenter\u00bb button_alignment_tablet=\u00bb\u00bb button_alignment_phone=\u00bb\u00bb button_alignment_last_edited=\u00bbon|desktop\u00bb module_class=\u00bbboton_formulario_cpi\u00bb _builder_version=\u00bb4.17.4&#8243; _module_preset=\u00bbdefault\u00bb custom_padding=\u00bb16px|131px|16px|131px|true|true\u00bb custom_padding_tablet=\u00bb\u00bb custom_padding_phone=\u00bb\u00bb custom_padding_last_edited=\u00bbon|desktop\u00bb global_colors_info=\u00bb{}\u00bb][\/et_pb_button][\/et_pb_column_inner][\/et_pb_row_inner][\/et_pb_column][et_pb_column type=\u00bb1_2&#8243; _builder_version=\u00bb4.16&#8243; custom_padding=\u00bb|||\u00bb global_colors_info=\u00bb{}\u00bb custom_padding__hover=\u00bb|||\u00bb][et_pb_video src=\u00bbhttps:\/\/www.youtube.com\/watch?v=wNyoJHTfzvc\u00bb _builder_version=\u00bb4.17.4&#8243; _module_preset=\u00bbdefault\u00bb hover_enabled=\u00bb0&#8243; sticky_enabled=\u00bb0&#8243;][\/et_pb_video][\/et_pb_column][\/et_pb_section][et_pb_section fb_built=\u00bb1&#8243; _builder_version=\u00bb4.16&#8243; _module_preset=\u00bbdefault\u00bb custom_padding=\u00bb7px||76px|||\u00bb global_colors_info=\u00bb{}\u00bb][et_pb_row _builder_version=\u00bb4.16&#8243; _module_preset=\u00bbdefault\u00bb custom_padding=\u00bb15px|||||\u00bb global_colors_info=\u00bb{}\u00bb][et_pb_column type=\u00bb4_4&#8243; _builder_version=\u00bb4.16&#8243; _module_preset=\u00bbdefault\u00bb global_colors_info=\u00bb{}\u00bb][et_pb_text _builder_version=\u00bb4.16&#8243; _module_preset=\u00bbdefault\u00bb custom_margin=\u00bb||31px|||\u00bb global_colors_info=\u00bb{}\u00bb]<\/p>\n<h2>Objetivos espec\u00edficos<\/h2>\n<p>[\/et_pb_text][et_pb_text _builder_version=\u00bb4.16&#8243; _module_preset=\u00bbdefault\u00bb ul_line_height=\u00bb1.7em\u00bb text_orientation=\u00bbjustified\u00bb global_colors_info=\u00bb{}\u00bb]<\/p>\n<ul>\n<li>Mejorar la capacidad de planificaci\u00f3n de las medidas, y de gesti\u00f3n en tiempo real de las respuestas, a los riesgos t\u00e9rmicos debidos a las olas de calor.<\/li>\n<li>Reducir el efecto isla de calor de la ciudad con soluciones basadas en infraestructuras verdes o azules de cualquier tipo. Tambi\u00e9n con infraestructuras grises de sombreado y refrigeraci\u00f3n inteligentes. Incluso contemplando la funci\u00f3n dual de sombreado y generaci\u00f3n de energ\u00eda.<\/li>\n<li>Desplegar e impulsar la adopci\u00f3n de revestimientos y pavimentos, basados en materiales fr\u00edos y superfr\u00edos de cualquier naturaleza, y de cualquier \u00e1mbito de aplicaci\u00f3n arquitect\u00f3nica o urban\u00edstica.<\/li>\n<li>Mejorar la capacidad de planificaci\u00f3n de las medidas de mitigaci\u00f3n y protecci\u00f3n, y de predicci\u00f3n y gesti\u00f3n en tiempo real de las respuestas, ante lluvias torrenciales que puedan provocar inundaciones internas.<\/li>\n<li>Desarrollar en el municipio el modelo de \u201cciudad esponja\u201d con la planificaci\u00f3n e implementaci\u00f3n efectiva de t\u00e9cnicas SUDS en el sistema de gesti\u00f3n de pluviales de la ciudad.<\/li>\n<li>Optimizar la gesti\u00f3n del sistema de evacuaci\u00f3n de pluviales mediante el desarrollo de gemelos digitales que permitan anticipar la respuesta del sistema durante un episodio de lluvias.<\/li>\n<li>Reducir la vulnerabilidad del conjunto de la ciudad frente a lluvias torrenciales mediante la combinaci\u00f3n de infraestructuras verdes y grises de cualquier tipo.<\/li>\n<li>Mejorar la adecuaci\u00f3n de los edificios en su primer metro de cota desde la rasante de la calle para garantizar la estanqueidad de los mismos ante sucesos de inundaci\u00f3n, especialmente ante lluvias torrenciales.<\/li>\n<li>Mejorar la capacidad de planificaci\u00f3n de las medidas de protecci\u00f3n y de gesti\u00f3n en tiempo real de las respuestas ante lluvias torrenciales que puedan provocar inundaciones externas.<\/li>\n<li>Mejorar la capacidad de protecci\u00f3n y de gesti\u00f3n en tiempo real de las respuestas ante los temporales, y de seguimiento de su acci\u00f3n sobre la l\u00ednea de costa. Incluso en combinaci\u00f3n con una monitorizaci\u00f3n a largo plazo de las variables medioambientes fundamentales (temperatura, nivel medio del mar, intensidad de los temporales, etc.).<\/li>\n<li>Mejorar la capacidad para realizar un seguimiento sistem\u00e1tico de la costa con el objetivo de conocer su evoluci\u00f3n, y detectar y monitorizar puntos cr\u00edticos (vulnerabilidad frente a la acci\u00f3n erosiva y a las inundaciones). Incluso definiendo cotas de inundaci\u00f3n por desbordamiento del mar y actualizando dichas cotas en funci\u00f3n de los resultados de la monitorizaci\u00f3n.<\/li>\n<li>Reducir la vulnerabilidad de la franja litoral municipal frente a los temporales mediante la alimentaci\u00f3n artificial, infraestructuras verdes y otras actuaciones. Tambi\u00e9n mediante el redise\u00f1o de los accesos a la playa seca, de forma que se impida la inundaci\u00f3n del espacio litoral.<\/li>\n<li>Asegurar las instalaciones de evacuaci\u00f3n de pluviales y las infraestructuras cr\u00edticas litorales.<\/li>\n<li>Garantizar la disponibilidad y continuidad de los servicios p\u00fablicos esenciales de la ciudad en escenarios de crisis y cat\u00e1strofes naturales de cualquier \u00edndole.<\/li>\n<li>Reforzar el seguimiento y activaci\u00f3n de acciones de respuesta frente a la aparici\u00f3n de plagas vegetales y enfermedades humanas, infecciosas y parasitarias, transmitidas por vectores ya establecidos en Espa\u00f1a que puedan ampliar su extensi\u00f3n geogr\u00e1fica, o por la importaci\u00f3n e instalaci\u00f3n de vectores sub-tropicales adaptados a sobrevivir en climas menos c\u00e1lidos y m\u00e1s secos.<\/li>\n<li>En general, mejorar la adaptaci\u00f3n de la ciudad para hacer frente de forma efectiva a los efectos adversos que puedan derivarse del Cambio Clim\u00e1tico, y optimizar su capacidad de resiliencia clim\u00e1tica.<\/li>\n<\/ul>\n<p>[\/et_pb_text][\/et_pb_column][\/et_pb_row][\/et_pb_section]<\/p>\n","protected":false},"excerpt":{"rendered":"<p>Reto 6: Resiliencia y adaptaci\u00f3nAdaptaci\u00f3n de la ciudad para hacer frente de forma efectiva a los efectos adversos que puedan derivarse del cambio clim\u00e1tico y a optimizar su capacidad de resiliencia clim\u00e1tica.Objetivos espec\u00edficos Mejorar la capacidad de planificaci\u00f3n de las medidas, y de gesti\u00f3n en tiempo real de las respuestas, a los riesgos t\u00e9rmicos debidos [&hellip;]<\/p>\n","protected":false},"author":1,"featured_media":0,"parent":0,"menu_order":0,"comment_status":"closed","ping_status":"closed","template":"","meta":{"_et_pb_use_builder":"on","_et_pb_old_content":"","_et_gb_content_width":"","inline_featured_image":false},"yoast_head":"<!-- This site is optimized with the Yoast SEO plugin v19.3 - https:\/\/yoast.com\/wordpress\/plugins\/seo\/ -->\n<title>Reto 6: Resiliencia y adaptaci\u00f3n - CPI Val&egrave;ncia<\/title>\n<meta name=\"robots\" content=\"index, follow, max-snippet:-1, max-image-preview:large, max-video-preview:-1\" \/>\n<link rel=\"canonical\" href=\"https:\/\/www.missionsvalencia.eu\/cpivalencia\/reto-6-resiliencia-y-adaptacion\/\" \/>\n<meta property=\"og:locale\" content=\"es_ES\" \/>\n<meta property=\"og:type\" content=\"article\" \/>\n<meta property=\"og:title\" content=\"Reto 6: Resiliencia y adaptaci\u00f3n - CPI Val&egrave;ncia\" \/>\n<meta property=\"og:description\" content=\"Reto 6: Resiliencia y adaptaci\u00f3nAdaptaci\u00f3n de la ciudad para hacer frente de forma efectiva a los efectos adversos que puedan derivarse del cambio clim\u00e1tico y a optimizar su capacidad de resiliencia clim\u00e1tica.Objetivos espec\u00edficos Mejorar la capacidad de planificaci\u00f3n de las medidas, y de gesti\u00f3n en tiempo real de las respuestas, a los riesgos t\u00e9rmicos debidos [&hellip;]\" \/>\n<meta property=\"og:url\" content=\"https:\/\/www.missionsvalencia.eu\/cpivalencia\/reto-6-resiliencia-y-adaptacion\/\" \/>\n<meta property=\"og:site_name\" content=\"CPI Val&egrave;ncia\" \/>\n<meta property=\"article:publisher\" content=\"https:\/\/www.facebook.com\/LasNavesINN\" \/>\n<meta property=\"article:modified_time\" content=\"2022-07-12T11:50:37+00:00\" \/>\n<meta property=\"og:image\" content=\"https:\/\/www.missionsvalencia.eu\/cpivalencia\/wp-content\/uploads\/2021\/08\/CPI_vlc_logo_color.png\" \/>\n\t<meta property=\"og:image:width\" content=\"842\" \/>\n\t<meta property=\"og:image:height\" content=\"596\" \/>\n\t<meta property=\"og:image:type\" content=\"image\/png\" \/>\n<meta name=\"twitter:card\" content=\"summary_large_image\" \/>\n<meta name=\"twitter:site\" content=\"@lasnavesINN\" \/>\n<script type=\"application\/ld+json\" class=\"yoast-schema-graph\">{\"@context\":\"https:\/\/schema.org\",\"@graph\":[{\"@type\":\"Organization\",\"@id\":\"https:\/\/www.missionsvalencia.eu\/cpivalencia\/#organization\",\"name\":\"COMPRA P\u00daBLICA DE INNOVACI\u00d3N - CPI Val\u00e8ncia\",\"url\":\"https:\/\/www.missionsvalencia.eu\/cpivalencia\/\",\"sameAs\":[\"https:\/\/www.instagram.com\/LASNAVES\/\",\"https:\/\/www.facebook.com\/LasNavesINN\",\"https:\/\/twitter.com\/lasnavesINN\"],\"logo\":{\"@type\":\"ImageObject\",\"inLanguage\":\"es\",\"@id\":\"https:\/\/www.missionsvalencia.eu\/cpivalencia\/#\/schema\/logo\/image\/\",\"url\":\"https:\/\/www.missionsvalencia.eu\/cpivalencia\/wp-content\/uploads\/2021\/07\/CPI_vlc_logo_color.png\",\"contentUrl\":\"https:\/\/www.missionsvalencia.eu\/cpivalencia\/wp-content\/uploads\/2021\/07\/CPI_vlc_logo_color.png\",\"width\":842,\"height\":596,\"caption\":\"COMPRA P\u00daBLICA DE INNOVACI\u00d3N - CPI Val\u00e8ncia\"},\"image\":{\"@id\":\"https:\/\/www.missionsvalencia.eu\/cpivalencia\/#\/schema\/logo\/image\/\"}},{\"@type\":\"WebSite\",\"@id\":\"https:\/\/www.missionsvalencia.eu\/cpivalencia\/#website\",\"url\":\"https:\/\/www.missionsvalencia.eu\/cpivalencia\/\",\"name\":\"CPI Val&egrave;ncia\",\"description\":\"Compra P&uacute;blica de Innovaci&oacute;n dirigida a Val&egrave;ncia, una herramienta de innovaci&oacute;n.\",\"publisher\":{\"@id\":\"https:\/\/www.missionsvalencia.eu\/cpivalencia\/#organization\"},\"potentialAction\":[{\"@type\":\"SearchAction\",\"target\":{\"@type\":\"EntryPoint\",\"urlTemplate\":\"https:\/\/www.missionsvalencia.eu\/cpivalencia\/?s={search_term_string}\"},\"query-input\":\"required name=search_term_string\"}],\"inLanguage\":\"es\"},{\"@type\":\"WebPage\",\"@id\":\"https:\/\/www.missionsvalencia.eu\/cpivalencia\/reto-6-resiliencia-y-adaptacion\/\",\"url\":\"https:\/\/www.missionsvalencia.eu\/cpivalencia\/reto-6-resiliencia-y-adaptacion\/\",\"name\":\"Reto 6: Resiliencia y adaptaci\u00f3n - CPI Val&egrave;ncia\",\"isPartOf\":{\"@id\":\"https:\/\/www.missionsvalencia.eu\/cpivalencia\/#website\"},\"datePublished\":\"2022-06-08T07:00:22+00:00\",\"dateModified\":\"2022-07-12T11:50:37+00:00\",\"breadcrumb\":{\"@id\":\"https:\/\/www.missionsvalencia.eu\/cpivalencia\/reto-6-resiliencia-y-adaptacion\/#breadcrumb\"},\"inLanguage\":\"es\",\"potentialAction\":[{\"@type\":\"ReadAction\",\"target\":[\"https:\/\/www.missionsvalencia.eu\/cpivalencia\/reto-6-resiliencia-y-adaptacion\/\"]}]},{\"@type\":\"BreadcrumbList\",\"@id\":\"https:\/\/www.missionsvalencia.eu\/cpivalencia\/reto-6-resiliencia-y-adaptacion\/#breadcrumb\",\"itemListElement\":[{\"@type\":\"ListItem\",\"position\":1,\"name\":\"Portada\",\"item\":\"https:\/\/www.missionsvalencia.eu\/cpivalencia\/\"},{\"@type\":\"ListItem\",\"position\":2,\"name\":\"Reto 6: Resiliencia y adaptaci\u00f3n\"}]}]}<\/script>\n<!-- \/ Yoast SEO plugin. -->","yoast_head_json":{"title":"Reto 6: Resiliencia y adaptaci\u00f3n - CPI Val&egrave;ncia","robots":{"index":"index","follow":"follow","max-snippet":"max-snippet:-1","max-image-preview":"max-image-preview:large","max-video-preview":"max-video-preview:-1"},"canonical":"https:\/\/www.missionsvalencia.eu\/cpivalencia\/reto-6-resiliencia-y-adaptacion\/","og_locale":"es_ES","og_type":"article","og_title":"Reto 6: Resiliencia y adaptaci\u00f3n - CPI Val&egrave;ncia","og_description":"Reto 6: Resiliencia y adaptaci\u00f3nAdaptaci\u00f3n de la ciudad para hacer frente de forma efectiva a los efectos adversos que puedan derivarse del cambio clim\u00e1tico y a optimizar su capacidad de resiliencia clim\u00e1tica.Objetivos espec\u00edficos Mejorar la capacidad de planificaci\u00f3n de las medidas, y de gesti\u00f3n en tiempo real de las respuestas, a los riesgos t\u00e9rmicos debidos [&hellip;]","og_url":"https:\/\/www.missionsvalencia.eu\/cpivalencia\/reto-6-resiliencia-y-adaptacion\/","og_site_name":"CPI Val&egrave;ncia","article_publisher":"https:\/\/www.facebook.com\/LasNavesINN","article_modified_time":"2022-07-12T11:50:37+00:00","og_image":[{"width":842,"height":596,"url":"https:\/\/www.missionsvalencia.eu\/cpivalencia\/wp-content\/uploads\/2021\/08\/CPI_vlc_logo_color.png","type":"image\/png"}],"twitter_card":"summary_large_image","twitter_site":"@lasnavesINN","schema":{"@context":"https:\/\/schema.org","@graph":[{"@type":"Organization","@id":"https:\/\/www.missionsvalencia.eu\/cpivalencia\/#organization","name":"COMPRA P\u00daBLICA DE INNOVACI\u00d3N - CPI Val\u00e8ncia","url":"https:\/\/www.missionsvalencia.eu\/cpivalencia\/","sameAs":["https:\/\/www.instagram.com\/LASNAVES\/","https:\/\/www.facebook.com\/LasNavesINN","https:\/\/twitter.com\/lasnavesINN"],"logo":{"@type":"ImageObject","inLanguage":"es","@id":"https:\/\/www.missionsvalencia.eu\/cpivalencia\/#\/schema\/logo\/image\/","url":"https:\/\/www.missionsvalencia.eu\/cpivalencia\/wp-content\/uploads\/2021\/07\/CPI_vlc_logo_color.png","contentUrl":"https:\/\/www.missionsvalencia.eu\/cpivalencia\/wp-content\/uploads\/2021\/07\/CPI_vlc_logo_color.png","width":842,"height":596,"caption":"COMPRA P\u00daBLICA DE INNOVACI\u00d3N - CPI Val\u00e8ncia"},"image":{"@id":"https:\/\/www.missionsvalencia.eu\/cpivalencia\/#\/schema\/logo\/image\/"}},{"@type":"WebSite","@id":"https:\/\/www.missionsvalencia.eu\/cpivalencia\/#website","url":"https:\/\/www.missionsvalencia.eu\/cpivalencia\/","name":"CPI Val&egrave;ncia","description":"Compra P&uacute;blica de Innovaci&oacute;n dirigida a Val&egrave;ncia, una herramienta de innovaci&oacute;n.","publisher":{"@id":"https:\/\/www.missionsvalencia.eu\/cpivalencia\/#organization"},"potentialAction":[{"@type":"SearchAction","target":{"@type":"EntryPoint","urlTemplate":"https:\/\/www.missionsvalencia.eu\/cpivalencia\/?s={search_term_string}"},"query-input":"required name=search_term_string"}],"inLanguage":"es"},{"@type":"WebPage","@id":"https:\/\/www.missionsvalencia.eu\/cpivalencia\/reto-6-resiliencia-y-adaptacion\/","url":"https:\/\/www.missionsvalencia.eu\/cpivalencia\/reto-6-resiliencia-y-adaptacion\/","name":"Reto 6: Resiliencia y adaptaci\u00f3n - CPI Val&egrave;ncia","isPartOf":{"@id":"https:\/\/www.missionsvalencia.eu\/cpivalencia\/#website"},"datePublished":"2022-06-08T07:00:22+00:00","dateModified":"2022-07-12T11:50:37+00:00","breadcrumb":{"@id":"https:\/\/www.missionsvalencia.eu\/cpivalencia\/reto-6-resiliencia-y-adaptacion\/#breadcrumb"},"inLanguage":"es","potentialAction":[{"@type":"ReadAction","target":["https:\/\/www.missionsvalencia.eu\/cpivalencia\/reto-6-resiliencia-y-adaptacion\/"]}]},{"@type":"BreadcrumbList","@id":"https:\/\/www.missionsvalencia.eu\/cpivalencia\/reto-6-resiliencia-y-adaptacion\/#breadcrumb","itemListElement":[{"@type":"ListItem","position":1,"name":"Portada","item":"https:\/\/www.missionsvalencia.eu\/cpivalencia\/"},{"@type":"ListItem","position":2,"name":"Reto 6: Resiliencia y adaptaci\u00f3n"}]}]}},"_links":{"self":[{"href":"https:\/\/www.missionsvalencia.eu\/cpivalencia\/wp-json\/wp\/v2\/pages\/2253"}],"collection":[{"href":"https:\/\/www.missionsvalencia.eu\/cpivalencia\/wp-json\/wp\/v2\/pages"}],"about":[{"href":"https:\/\/www.missionsvalencia.eu\/cpivalencia\/wp-json\/wp\/v2\/types\/page"}],"author":[{"embeddable":true,"href":"https:\/\/www.missionsvalencia.eu\/cpivalencia\/wp-json\/wp\/v2\/users\/1"}],"replies":[{"embeddable":true,"href":"https:\/\/www.missionsvalencia.eu\/cpivalencia\/wp-json\/wp\/v2\/comments?post=2253"}],"version-history":[{"count":10,"href":"https:\/\/www.missionsvalencia.eu\/cpivalencia\/wp-json\/wp\/v2\/pages\/2253\/revisions"}],"predecessor-version":[{"id":2561,"href":"https:\/\/www.missionsvalencia.eu\/cpivalencia\/wp-json\/wp\/v2\/pages\/2253\/revisions\/2561"}],"wp:attachment":[{"href":"https:\/\/www.missionsvalencia.eu\/cpivalencia\/wp-json\/wp\/v2\/media?parent=2253"}],"curies":[{"name":"wp","href":"https:\/\/api.w.org\/{rel}","templated":true}]}}